ivided by u.
21
Suppose 11 = -2*q - 3*s, -s = -4*s - 15. Calculate the remainder when 4 is divided by q.
0
Let z(w) = -w**2 + 11*w - 10. Suppose u + 5*v - 10 = 0, -4*u = -7*v + 4*v - 155. What is the remainder when u is divided by z(7)?
17
Let b be (-11 + -1)*1/(-3). Suppose 27 = -3*y + 6*y. Calculate the remainder when (16 - 6)*10/b is divided by y.
7
Let y(u) = u + 14. Calculate the remainder when 26 is divided by y(-10).
2
Let t be -34 + (3 - 1) + -1. Let i = 74 + t. Calculate the remainder when i is divided by 11.
8
What is the remainder when (-2052)/(-102) + 6/(-51) is divided by 13?
7
Suppose -k + 17 = -21. Calculate the remainder when 111 is divided by k.
35
Suppose 0 = -2*u - 0 + 6. Suppose 0 = -u*q + 34 - 4. Let l = 57 + -38. What is the remainder when l is divided by q?
9
What is the remainder when (14 - 18) + 1*(32 + 1) is divided by 10?
9
Let i(n) = -18*n**2 - n**3 + 16*n**2 + 12*n + 2 + 12*n**2. Calculate the remainder when 25 is divided by i(11).
12
Let h(v) = v**2 - 7*v - 7. Let l be h(9). Suppose -5*i + x + 55 = -3*x, -x = i - l. What is the remainder when 32 is divided by i?
10
Let j(g) = g**3 - 14*g**2 + 3*g + 3. What is the remainder when j(14) is divided by 23?
22
Let l = -701 + 705. Suppose 3*b = 4*b - 3. What is the remainder when l is divided by b?
1
Suppose -197 = -4*l - 37. What is the remainder when l is divided by (231/(-44))/(2/(-8))?
19
Let u(y) = 4*y - 3. Let t(d) = -15*d + 13. Let x(v) = 2*t(v) + 9*u(v). Let n be ((-4)/6)/((-4)/6). What is the remainder when 14 is divided by x(n)?
4
Suppose -4*v - 24 = -3*i, 0 = 2*i - 5*i - 2*v + 24. What is the remainder when (-42)/(-2) - (-2 - -2) is divided by i?
5
Let x = 14 + -23. What is the remainder when 16 is divided by 1/3 + (-78)/x?
7
Suppose 3*y - 187 = -6*l + 2*l, -190 = -5*l + 5*y. Suppose -3*u + l = -2*v + 4*v, -75 = -5*u - 4*v. Calculate the remainder when 42 is divided by u.
9
Suppose 24 - 72 = -4*a. Suppose -q - 4*m = 24, q - 156 = 5*q + 4*m. Let k = q + 66. What is the remainder when k is divided by a?
10
Suppose -2*x = 0, -x = -o + 4*x - 2. Let u(m) = 3*m**2 - m. Calculate the remainder when u(o) is divided by 8.
6
Calculate the remainder when (-9 + 0)/3 - -9 is divided by 1.
0
What is the remainder when (-116)/((-30)/12 - (-2)/4) is divided by 15?
13
Let q = -126 + 229. What is the remainder when q is divided by 26?
25
Let c(u) = 2*u + 3. What is the remainder when c(6) is divided by 8?
7
Let v(s) = s**3 - 3*s**2 - s + 76. Calculate the remainder when v(0) is divided by 27.
22
Calculate the remainder when (2/4)/(11/748) is divided by 12.
10
Let p be ((-4)/1)/(2/(-2)). Let f(k) = -3*k + p*k + 2*k + k**2. Calculate the remainder when 28 is divided by f(-5).
8
Suppose -11*q + 229 = 42. What is the remainder when 44 is divided by q?
10
Suppose -r = 4*y - 43 + 11, -4*r = 5*y - 51. Suppose -5*u + u = b + 125, -3*u - 4*b - 97 = 0. Let z = u - -56. What is the remainder when z is divided by y?
4
Suppose t = -3*t + 4. Let j = 23 + -11. What is the remainder when -20*(t + (-33)/12) is divided by j?
11
Suppose -5*a + 30 = -0*a. Suppose 0 = -a*y + y + 5. Calculate the remainder when 34 is divided by 23/2 + y/2.
10
Let n(q) = q**2 + 13*q - 9. What is the remainder when n(-14) is divided by 2?
1
Suppose -d - 17 = -2*d. What is the remainder when 24 is divided by d?
7
Let c(u) = -u**3 - u**2 - u + 3. Suppose 7*b - 212 = -79. What is the remainder when c(-4) is divided by b?
17
Suppose -15 = -4*b + 17. Calculate the remainder when 2 + -2 + -4 - -18 is divided by b.
6
Let p = -70 - -81. Calculate the remainder when 53 is divided by p.
9
Suppose -7*m = -2*m - 30. What is the remainder when -27*(-4)/6 + -2 is divided by m?
4
Let w = 69 + -28. What is the remainder when w is divided by 16?
9
Let d = -9 - -25. Let r(g) = 3*g**3 - 2*g**2 - g + 1. What is the remainder when r(3) is divided by d?
13
Let h = -35 - -51. Suppose -50 - 167 = -5*d + 3*r, -2*r = 2*d - 90. Calculate the remainder when d is divided by h.
12
Suppose a = y - 16, -3*y - 5*a = 6 - 30. Calculate the remainder when 129 is divided by y.
12
Let r be (-2)/(-9) - (-87)/(-27). Calculate the remainder when 43 is divided by 5*(-1)/(1/r).
13
Suppose -12 = -4*a - 4*v, -a = 4*a + 4*v - 16. Suppose 120 = a*n + 4. What is the remainder when n is divided by 16?
13
Let y be (10 - 4)/(3/2). Suppose 214 = y*x + 2*z, 193 = 4*x - 3*z - 2*z. Calculate the remainder when x is divided by 27.
25
What is the remainder when 2 is divided by 1 - -1 - (0 + 0)?
0
Let l(x) = 7*x - 1. Let s be 18/4*(-18)/(-27). Calculate the remainder when l(s) is divided by 11.
9
Let n = -18 + 33. Suppose 4*p = -2*i - 5 + 17, 19 = 2*i - 3*p. What is the remainder when n is divided by i?
7
Let f = 14 + -10. Let s = 7 + 7. Suppose -5*a = p - 5*p + 4, -s = -5*p + 4*a. Calculate the remainder when p is divided by f.
2
Suppose 5*k - 290 = -0*k. Suppose 7*d - 11*d = -20. Suppose -k = -d*j + 7. Calculate the remainder when 38 is divided by j.
12
Calculate the remainder when ((-1)/2)/((-6)/180) is divided by 2.
1
Suppose 4*g - 3*r + 0*r = 175, 89 = 2*g - r. Let q = g + -32. Let t(p) = 6*p**3 - p**2 - p + 1. Calculate the remainder when q is divided by t(1).
4
Suppose -t - 27 = -4*t. Calculate the remainder when 13 is divided by (4/10)/(t/90).
1
Let w be (-72)/(-60)*(-5)/(-2). Suppose -4*g + 12 = 0, 3*g = -w*j + 5*g + 39. What is the remainder when j is divided by 4?
3
Let v be (-5)/(-5) - (-2)/1. What is the remainder when 2 is divided by (-2)/(-3)*v/2?
0
Let w(d) = 10*d - 1. Suppose 3*l + l - 3*p + 24 = 0, -4*l - 2*p = 4. Let f be l/(3*(-2)/4). Calculate the remainder when 55 is divided by w(f).
17
Let s(m) = 24 + 0 + 5*m - 8. What is the remainder when s(14) is divided by 29?
28
Let p = 184 - 149. Calculate the remainder when p is divided by 14.
7
Suppose 0 = 5*q - 3*d - 1089, -5*q - 2*d = 3*d - 1065. Calculate the remainder when q is divided by 31.
30
Suppose 0 = -n + 3*n - 5*q + 6, 5*n + 3*q = 47. Suppose -b - 4*z = 3, -2*b + 6*z = 3*z - 27. Let x = b - n. What is the remainder when 6 is divided by x?
0
Let y = 14 + -1. Suppose -30 = 3*o - 105. What is the remainder when o is divided by y?
12
What is the remainder when 51 is divided by 13/(-52) - 73/(-4)?
15
Let k(h) = 51*h - 13. Calculate the remainder when k(2) is divided by 15.
14
Let j(t) = -t + 3. Let x be j(3). Suppose -2*a - 5*c + 10 = 0, -4*a + 2*c - 3*c + 38 = x. Calculate the remainder when a is divided by 6.
4
Let z(j) = j**3 - 6*j**2 + 4*j. Let f be z(5). Let n = f - -15. What is the remainder when 29 is divided by n?
9
Suppose -2*r = -3*n + 660, 5*r - 2 = 13. What is the remainder when n is divided by 15?
12
Suppose 8 - 71 = -3*o. Calculate the remainder when (0 - o/9)*-15 is divided by 12.
11
What is the remainder when 61 is divided by (-4)/(-18) - 1988/(-126)?
13
Let t = -113 + 193. Suppose 0 = -0*b - b - z + 25, t = 3*b + 4*z. What is the remainder when b is divided by (-70)/(-6) + 8/(-12)?
9
Calculate the remainder when ((-90)/21)/(3/(-21)) is divided by 17.
13
Let i be ((-2)/(-4) - -1)*2. Suppose 3*a - 6 = -2*y, -4*y + i*a = -2*y + 6. Let l = 1 + y. What is the remainder when l is divided by 1?
0
Let b = -94 + 149. What is the remainder when 219 is divided by b?
54
Let c = 13 - -1. Suppose 5*t = 4*t + 5*x - 14, 3*t - x = c. Calculate the remainder when t is divided by 2.
0
Suppose 2*g + 517 = 3*x, 0*g + 2*g = -4*x + 694. What is the remainder when x is divided by 35?
33
Let b(l) = l + 4. Let y be b(3). Suppose 5 = 3*j - y. Suppose j*c + 0*c = 44. What is the remainder when 32 is divided by c?
10
Let p(a) = a**2 - 5*a + 6. Calculate the remainder when p(4) is divided by ((-1)/(-3) - 0)*6.
0
Let o(h) = h + 2. Calculate the remainder when (-68)/(8/(-16)*2*2) is divided by o(7).
7
Suppose 16*u - 32 - 128 = 0. Calculate the remainder when (-39)/(-2) - 2/4 is divided by u.
9
Let o = 3 - -5. Suppose -2 + o = v. Calculate the remainder when 9 is divided by v.
3
What is the remainder when 22 is divided by 14/(-35) - 124/(-10)?
10
Let u(q) = -7*q + 2. Calculate the remainder when u(-2) is divided by -4*3/4*-3.
7
Let x(g) = 12*g**2 + 2*g + 2. Let o be x(-1). Suppose 4*m = 2*m + o. Calculate the remainder when 23 is divided by m.
5
Let u(n) = n + 35. Let s(b) = 3*b + 2 + b - 5*b. What is the remainder